of 3 and x.
3
Suppose 5*r - 25 = 0, 3*u = -u - 4*r + 36. Suppose c + 252 = u*c. Let m = -25 - -39. Calculate the greatest common divisor of c and m.
14
Suppose -2*h - 185 = 3. Let j be -2 - ((2 - 1) + h). Let z(o) = -o + 19. Let w be z(6). What is the greatest common factor of j and w?
13
Suppose 4*q - 4*j - 192 = 0, -3*j - 18 + 138 = 3*q. What is the greatest common factor of q and 66?
22
Suppose 4*b = 3*b. Suppose 4*h - 127 - 77 = b. What is the highest common divisor of 17 and h?
17
Suppose 3*d - 605 = -2*h, -229 = -4*d - 3*h + 577. Suppose 423 = 13*l + 46. Calculate the greatest common factor of d and l.
29
Suppose v - 5*p - 655 = -4*v, -v + 128 = 2*p. Calculate the highest common divisor of v and 52.
26
Suppose -3 = -3*n + 21. What is the greatest common factor of 72 and n?
8
Let h = -69 - -139. Suppose 3*w = -g - 18 + 45, w + 2 = -4*g. Calculate the highest common factor of h and w.
10
Suppose -3*c + 0*c + 12 = 0. Suppose 12 + 12 = -c*m. Let s = m + 15. What is the greatest common divisor of s and 99?
9
Let a(c) = 17*c - 1. Let z be a(1). Let k = z + 20. Calculate the highest common factor of k and 18.
18
Let z be ((-12)/8)/((-3)/(-8)). Let j = z - -13. Calculate the greatest common factor of j and 45.
9
Suppose 4*m - 6*m = 6. Let q = -5 - m. Let w be 20/q*36/(-30). Calculate the greatest common factor of 8 and w.
4
Let k(u) = 5*u**2 - u. Let x be k(1). Suppose 0 = 4*w + 8, 5*b - 39 - 59 = x*w. What is the greatest common factor of b and 18?
18
Let q(r) = r**2 - 4*r + 4. Let o be q(4). Suppose -t = 2*t - 2*f - 6, 0 = o*t + 4*f - 8. What is the greatest common divisor of t and 8?
2
Suppose -3*d = -3*s - 120, 3*d + 156 = 7*d - 3*s. Suppose -c - c = -d. Calculate the greatest common factor of c and 12.
6
Suppose -24 = -5*o - o. What is the greatest common factor of o and 1?
1
Suppose -k - 128 = -5*k. What is the greatest common factor of k and 48?
16
Let u = -12 + 20. Calculate the greatest common divisor of u and 2.
2
Let o = 98 + -44. Suppose -2*h = -4*h. Suppose -9 = -b - h*b. Calculate the highest common factor of b and o.
9
Let p(v) = -2*v**2 - 27*v - 3. Let x be p(-12). Calculate the highest common factor of x and 3.
3
Let g be 0/(1*(-6)/(-3)). Suppose -u + 19 = -5*m, -3*u + 5*m = -g*m - 107. What is the greatest common factor of 110 and u?
22
Let u = -9 + 11. Let j be (1 - (u + 1)) + 12. What is the highest common divisor of j and 80?
10
Suppose -4*u + 99 = 23. Suppose -6 - 9 = -3*d. Suppose -2*p + 51 = d*q - 40, -4*p = 8. Calculate the highest common divisor of u and q.
19
Let i(f) = -f**3 - 5*f**2 - 7*f - 4. Let v be i(-5). Let z = -17 + v. Calculate the highest common factor of 126 and z.
14
Suppose -6*n + 5*n = 0. Suppose 5*h = 4*i + 42, n = -2*h - h - i + 15. Suppose h*d - 15 = d. What is the greatest common divisor of d and 9?
3
Let v be 3*1 - (-4)/2. Let d = v + -3. Suppose 5*s - 17 + d = 0. Calculate the highest common divisor of s and 12.
3
Suppose 4*y - 3 = 5. Suppose -y*u = -7*u + 60. Calculate the highest common divisor of 132 and u.
12
Let d = 11 + -7. Suppose 420 = d*t - 0*t. Suppose -19 - 23 = -2*w. What is the highest common factor of t and w?
21
Let u(r) be the first derivative of r**3/3 - 5*r**2/2 + 8*r - 7. Let z be u(4). Calculate the greatest common factor of 4 and z.
4
Let w be 3/6 - (-33)/2. Calculate the greatest common divisor of 17 and w.
17
Suppose -3*q + 3 + 1 = 4*f, 0 = 3*f + 2*q - 4. Suppose -f*r + 0 = 12. Let m be (22/2 - r) + 2. What is the greatest common factor of 4 and m?
4
Let p be (-10)/(-65) + 464/26. What is the greatest common divisor of p and 45?
9
Suppose 0*c = -2*c + 16. Suppose 3*n = n + c. Suppose 0 = n*q - 0*q - 144. Calculate the greatest common factor of q and 9.
9
Suppose 4*w = -5*x + 185, -440 = -5*w + 5*x - 175. Calculate the greatest common factor of 10 and w.
10
Let w(m) = m**3 + 3*m**2 + m + 6. Let c be w(-3). What is the highest common divisor of 2 and c?
1
Suppose 4*y + 7 = -2*a + 19, -3*a = -3*y - 9. Let l = 11 + -8. Suppose 0 = -4*x + a*z - 5*z + 62, l*z + 22 = x. Calculate the highest common factor of 24 and x.
8
Suppose 21*l = 20*l + 4. Suppose l*k - 7 = 57. What is the highest common divisor of 48 and k?
16
Suppose 0 = y - 3 - 11. Calculate the highest common factor of 42 and y.
14
Suppose -1 = -6*o + 5. Let w be (1 + o)/((-4)/(-130)). Calculate the greatest common factor of w and 26.
13
Suppose 0 = -6*n + 2*n + 24. What is the highest common divisor of n and 2?
2
Suppose 5*s = 1038 - 403. Let u be (-2 - -4)/((-2)/(-39)). Suppose -w + s = u. What is the highest common factor of w and 22?
22
Let j(d) = d**3 - 9*d**2 - 13*d - 7. Let n be j(11). Let x be (-2)/(-12) - n/(-24). Calculate the greatest common factor of x and 2.
2
Let k be 5/20 - 238/(-8). Let z be (-1)/(-4) + 7/4. Suppose g + z*g - 18 = 0. Calculate the greatest common divisor of g and k.
6
Suppose -2*i = 3*i - 15. Let z be (8 - i)*(-12)/10. Let b(k) = 3*k**2 + 7*k + 4. Let a be b(z). What is the highest common factor of 10 and a?
10
Suppose 2*q - 4 = 6. Calculate the highest common factor of q and 30.
5
Let c(b) = -b**2 + 6*b + 4. Let y(p) = -p**2 + 6*p + 7. Let f be y(6). Let o be c(f). Let k be (10/(-3))/(1/o). Calculate the highest common divisor of k and 5.
5
Suppose 5*c - 27 = -4*f - 0*c, c + 70 = 5*f. What is the greatest common factor of 26 and f?
13
Let z(v) = -v**3 - 2*v - 3. Let t be z(-2). Let i be (2 - 21/9)*-3. What is the greatest common factor of t and i?
1
Let b be (-2)/((-3 + 1)/(-1)). Let v be ((-1 - 0) + -125)/b. Suppose 36 + 36 = 4*r. What is the highest common factor of r and v?
18
Suppose 5 + 14 = c - 5*z, -4*z = c - 19. Suppose -4*g = -221 - c. Calculate the highest common factor of 15 and g.
15
Let i(h) = h**2 + 7*h + 9. Let q be i(-7). Let g be (-1)/(-3)*0 + q. Calculate the greatest common factor of 1 and g.
1
Suppose -4*g + 144 = 2*y + y, -y + 5*g + 67 = 0. Let z = y - -8. Let c = -8 + 20. What is the highest common divisor of z and c?
12
Let d(v) be the first derivative of v**2/2 + v - 3. Let m be d(1). Let f be (3 - 0) + 8 + m. Calculate the highest common factor of 26 and f.
13
Suppose 0 = -4*h - 0*h + 48. Let x be 165/h - (-1)/4. Suppose -3*t - 33 + 159 = 0. Calculate the highest common factor of t and x.
14
Let q(i) = -i**2 - 7*i - 3. Let m be q(-7). Let d(n) = -3*n - 3. Let l be d(m). Calculate the greatest common factor of l and 9.
3
Suppose q + 38 = 4*q - 5*z, -5*q - 4*z = -88. Suppose 0 = -3*j + j + q. Calculate the highest common divisor of 16 and j.
8
Let v be 2/(0 + ((-124)/64 - -2)). What is the highest common divisor of v and 16?
16
Suppose -5*n = 9 - 34. Suppose 5*b + 4*k = 30, b + n*k - 38 = -11. Calculate the greatest common factor of b and 10.
2
Let v(t) = 13*t - 10. Let s be v(4). What is the greatest common factor of 70 and s?
14
Suppose -j + 0*j = 2*a - 772, 2*j = a + 1564. Let q = -457 + j. Let d = q + -143. Calculate the greatest common factor of 20 and d.
20
Suppose 4*c + 5*h + 42 = -6, -5*c - 39 = h. Let a be 51/c - (-2)/7. Let j(i) = i**2 + 6*i + 7. Let u be j(a). Calculate the highest common factor of 98 and u.
14
Suppose 14 = -b + x, -54 = 5*b + x + 2*x. Let k = b + 17. Calculate the highest common divisor of k and 5.
5
Let o = 7 - -19. What is the greatest common divisor of 65 and o?
13
Let z be (-1036)/(-26) - 2/(-13). Suppose o + 10 = y - 2*o, -4*y - 3*o + z = 0. Calculate the greatest common factor of 50 and y.
10
Let l = -68 + 132. Let d = l + -19. Calculate the greatest common divisor of d and 30.
15
Let u(q) = q**3 + 9*q**2 + 6*q + 4. Let d be u(-7). What is the greatest common divisor of 15 and d?
15
Let w be 7 + (4 - 0)/(-2). Let g(d) = -3*d + 4*d - 2*d - w. Let j be g(-6). Calculate the greatest common divisor of 9 and j.
1
Suppose -12*i = -16 - 20. What is the greatest common divisor of i and 21?
3
Let h be (-1)/(-2 - 0)*6. Let w be (-2)/h + 718/6. Suppose 0 = 3*z - 32 - 19. Calculate the greatest common factor of z and w.
17
Suppose 7*x - 8 = 5*x. Suppose 4*h - 22 = 3*h - x*g, g - 118 = -4*h. What is the highest common factor of h and 3?
3
Let z = -11 - -16. Suppose g - 2 = -0*g. Suppose 0*r + g*r - 2*k = 18, 2*k - 12 = -4*r. Calculate the highest common factor of z and r.
5
Let g = -16 + 11. Let w be g/10*0/1. Suppose w = -3*v + 3*y + 51 + 6